 - 7?
3
In base 5, what is 222 + 1?
223
In base 10, what is -15 + 256?
241
In base 7, what is -4 + -11013?
-11020
In base 8, what is 21430 + 1?
21431
In base 8, what is 4 + -126?
-122
In base 9, what is 10417 + 2?
10420
In base 14, what is 8c6 + 4?
8ca
In base 2, what is -111 - 10110?
-11101
In base 5, what is -133 + -1111?
-1244
In base 11, what is -4 + 495?
491
In base 6, what is 5350 + -10?
5340
In base 16, what is -6fb + 3?
-6f8
In base 11, what is -50 - 12?
-62
In base 6, what is -232 - -101?
-131
In base 4, what is -22 - 101?
-123
In base 10, what is 1114 + 4?
1118
In base 9, what is -26 - 0?
-26
In base 2, what is -1100011 - 100?
-1100111
In base 5, what is -10 + 1342?
1332
In base 15, what is -10 - 4?
-14
In base 4, what is 3 + 1030?
1033
In base 14, what is 1579 + 4?
157d
In base 8, what is 1 + -531?
-530
In base 8, what is 1752 + -4?
1746
In base 7, what is 16130 - 3?
16124
In base 2, what is 1100 - -1011010?
1100110
In base 7, what is -1 + 2264?
2263
In base 6, what is 42032 + -1?
42031
In base 16, what is -2cc - -3?
-2c9
In base 6, what is -1 + 2043?
2042
In base 14, what is -7c2 + 5?
-7bb
In base 6, what is 5 + 4?
13
In base 6, what is 4 - 124?
-120
In base 9, what is -332 - -5?
-326
In base 7, what is -22613 - -4?
-22606
In base 13, what is 74 - 40?
34
In base 16, what is 2 - -d?
f
In base 3, what is -1202102 - 12?
-1202121
In base 11, what is -5 + -144?
-149
In base 5, what is 412241 + -1?
412240
In base 5, what is -3 + 324?
321
In base 4, what is -230333 + -1?
-231000
In base 4, what is 0 + 2100312?
2100312
In base 2, what is -10101001 - -1011?
-10011110
In base 11, what is 696 + 11?
6a7
In base 2, what is 11101100010 + -10?
11101100000
In base 3, what is 112100 - 0?
112100
In base 5, what is -1 - 2320?
-2321
In base 6, what is 332 - -5?
341
In base 12, what is -2 - -102b?
1029
In base 9, what is 4 - -5?
10
In base 14, what is 2 - b?
-9
In base 15, what is 8 + 6a?
73
In base 12, what is -4 + -1?
-5
In base 9, what is 8 - 35?
-26
In base 10, what is -648 - 5?
-653
In base 12, what is 0 + -169?
-169
In base 8, what is -1 - 1004?
-1005
In base 3, what is 11201 + 10?
11211
In base 7, what is -200 - -123?
-44
In base 12, what is -a - -19?
b
In base 13, what is -20 - 8c?
-ac
In base 11, what is 58 + 19?
76
In base 12, what is 734 - -9?
741
In base 4, what is 1303 + 320?
2223
In base 14, what is -2 - -10?
c
In base 10, what is -34 + 11?
-23
In base 14, what is -253 + -1?
-254
In base 4, what is -123 + -2?
-131
In base 3, what is -1102 + 1?
-1101
In base 2, what is -100010 - -100?
-11110
In base 3, what is -20 - 100?
-120
In base 11, what is -3 - -53?
50
In base 12, what is 6 - 116?
-110
In base 14, what is -4 - -29?
25
In base 6, what is 1 + 40033?
40034
In base 13, what is -4 - 30b?
-312
In base 8, what is 4 - -5?
11
In base 12, what is -19 + -11?
-2a
In base 12, what is -10 - -81?
71
In base 6, what is 15041 - -10?
15051
In base 9, what is -24 + 10?
-14
In base 6, what is 114 - 10?
104
In base 5, what is 310434 - 2?
310432
In base 13, what is -6392 + -1?
-6393
In base 3, what is 101200 + 121?
102021
In base 7, what is 141 + 4?
145
In base 15, what is 1 - -1d?
1e
In base 3, what is 21220 + 11?
22001
In base 5, what is -1 - -120?
114
In base 2, what is -1 - 1000101101100?
-1000101101101
In base 14, what is 30 - -31?
61
In base 13, what is 5b5c + -2?
5b5a
In base 10, what is 5 + 1120?
1125
In base 8, what is 1 - -260?
261
In base 10, what is -6289 + 4?
-6285
In base 16, what is 1f + 8?
27
In base 12, what is 2b - 94?
-65
In base 11, what is 3 - -3?
6
In base 11, what is 10 + -148?
-138
In base 4, what is -13202 - -11?
-13131
In base 12, what is -2 - 857?
-859
In base 7, what is -1 + 4354?
4353
In base 6, what is -44 - 12?
-100
In base 2, what is 10010101 - 101?
10010000
In base 13, what is 18b0 - 2?
18ab
In base 3, what is 120110 - -10?
120120
In base 13, what is 9 - 30?
-24
In base 6, what is 401 + -322?
35
In base 3, what is 2 + -1121?
-1112
In base 14, what is 86 - 3?
83
In base 6, what is -402 - 5?
-411
In base 14, what is -41 + -12?
-53
In base 11, what is 53 + 2?
55
In base 13, what is 3b6 + -3?
3b3
In base 7, what is 150 - 2?
145
In base 11, what is 3 + -1027?
-1024
In base 6, what is 1 - 25?
-24
In base 6, what is -42300 + 0?
-42300
In base 16, what is 5 - 3?
2
In base 5, what is -3314 - -3?
-3311
In base 10, what is -1740 + 3?
-1737
In base 3, what is 102212 - -2?
102221
In base 10, what is -6414 + 1?
-6413
In base 13, what is -a3 + 2?
-a1
In base 4, what is -21123 + -11?
-21200
In base 4, what is -101 + 101?
0
In base 9, what is 12882 + -1?
12881
In base 14, what is 4 + 30?
34
In base 15, what is -9 + c?
3
In base 6, what is -2 + -50?
-52
In base 10, what is 5 + -79?
-74
In base 15, what is 4 + -2?
2
In base 13, what is 5 - 19?
-14
In base 14, what is 3 - -59?
5c
In base 9, what is 3 - -2?
5
In base 6, what is 23 - 50?
-23
In base 14, what is -8 + 27?
1d
In base 7, what is 5 + 51?
56
In base 7, what is 362 + 2?
364
In base 2, what is -10010101001 + -1?
-10010101010
In base 15, what is 93 + -3?
90
In base 11, what is -12950 - -1?
-1294a
In base 2, what is -1000011 - -10?
-1000001
In base 3, what is 122011 - -1?
122012
In base 13, what is -3 - -7?
4
In base 4, what is -3 + 10333?
10330
In base 15, what is -3 + -a04?
-a07
In base 16, what is 4 - -614?
618
In base 4, what is -2 - -3110?
3102
In base 9, what is 363 + 11?
374
In base 6, what is 4 + -543?
-535
In base 11, what is 5 - a7?
-a2
In base 7, what is -6 + 5220?
5211
In base 13, what is 5 + -29b?
-296
In base 12, what is -308 + -4?
-310
In base 6, what is 10 + -142?
-132
In base 9, what is -5 + -12?
-17
In base 14, what is 2c2 + 0?
2c2
In base 8, what is 42 + 54?
116
In base 13, what is 1 + 12?
13
In base 12, what is 3 + -20?
-19
In base 12, what is 66a + -11?
659
In base 5, what is -23 - -31?
3
In base 16, what is 1 - -24?
25
In base 10, what is -62 + -27?
-89
In base 13, what is 22 + -1?
21
In base 15, what is 3 - 45e?
-45b
In base 10, what is -68 - 14?
-82
In base 9, what is 514 + 22?
536
In base 8, what is -3 - 5035?
-5040
In base 9, what is 221 + 3?
224
In base 11, what is 5786 + 4?
578a
In base 5, what is 14424 - -4?
14433
In base 15, what is -19 + a?
-e
In base 7, what is -121 - 1?
-122
In base 2, what is -1001111101 + -1?
-1001111110
In base 14, what is -6 - 8?
-10
In base 8, what is -3133 + 3?
-3130
In base 8, what is -1151 + 10?
-1141
In base 6, what is -2 - 442?
-444
In base 15, what is -121d + 1?
-121c
In base 4, what is -11 - 212?
-223
In base 10, what is 27 - 200?
-173
In base 16, what is 475 + -8?
46d
In base 5, what is 24204 - 4?
24200
In base 5, what is -4 - 11321?
-11330
In base 16, what is 6 - -24b?
251
In base 8, what is -46 - -15?
-31
In base 13, what is 6 - -1b?
24
In base 11, what is -a0 - 0?
-a0
In base 3, what is 100220 - -11?
101001
In base 11, what is 2 - 295?
-293
In base 11, what is -7217 - -4?
-7213
In base 4, what is 1303202 - 1?
1303201
In base 5, what is 200 - -10?
210
In base 11, what is 5 + -a44?
-a3a
In base 8, what is -302 - 24?
-326
In base 12, what is -9 + -10?
-19
In base 14, what is 9 + 52?
5b
In base 11, what is -4 - 63?
-67
In base 7, what is 204 - 5?
166
In base 5, what is 222401 + 2?
222403
In base 14, what is 6 + -207?
-201
In base 3, what is 201102 + 102?
201211
In base 5, what is 10 + -1000?
-440
In base 13, what is -5 - 533?
-538
In base 2, what is 1110110 + -1010?
1101100
In base 14, what is -3 + -32?
-35
In base 14, what is -2a7 - 2?
-2a9
In base 2, what is 110001 + 1?
110010
In base 4, what is 11 - 122010?
-121333
In base 16, what is -5b - -e?
-4d
In base 9, what is 3 + 131?
134
In base 10, what is -184 - 4?
-188
In base 2, what is -101 + 1100110?
1100001
In base 7, what is -1 - 164?
-165
In base 8, what is 307 + 0?
307
In base 8, what is -1136 - -7?
-1127
In base 12, what is -4763 - -1?
-4762
In base 10, what is -42097 - -1?
-42096
In base 3, what is 11 + -2112?
-2101
In base 3, what is 110 - -10102021?
10102201
In base 4, what is 1 + 13?
20
In base 4, what is 11103 - 3?
11100
In base 2, what is 10101 + 1?
10110
In base 10, what is 1 + -17?
-16
In base 3, what is 10 - 12010211?
-12010201
In base 5, what is 23 - -100?
123
In base 13, what is 5 - 1ac?
-1a7
In base 15, what is 74 - -b?
80
In base 8, what is 41 + -33?
6
